*r - 32. Determine x(-33).
1
Let r(f) = f**3 + 9*f**2 - 4*f + 7. What is r(-10)?
-53
Let g(c) = -4*c**3 - 83*c**2 - 210*c - 190. Determine g(-18).
26
Let d(a) = a**2 - 387*a - 10305. What is d(-25)?
-5
Let k(i) = 317*i + 7933. Give k(-25).
8
Let w(g) = -35*g + 722. Determine w(22).
-48
Let p(h) = -h**2 - 11*h + 160. Give p(8).
8
Let s(g) = g**2 - 26*g + 88. Calculate s(10).
-72
Let n(q) = -11*q**2 + 6*q + 12. Give n(4).
-140
Let y(u) = u**3 - 54*u**2 + 57*u - 172. Determine y(53).
40
Let h(r) = 40*r**2 - 62*r - 61. Give h(-1).
41
Let d(u) = -4*u**2 - 50*u + 97. Calculate d(13).
-1229
Let k(j) = 151*j + 1654. Give k(-11).
-7
Let w(s) = 2*s**2 - 12*s - 3. Give w(6).
-3
Let q(h) = 2*h**3 + 57*h**2 - 22*h - 143. Give q(-29).
-346
Let z(t) = t**2 + 147*t + 4533. Calculate z(-103).
1
Let c(q) = 9*q + 110. Calculate c(-10).
20
Let b(w) = -153*w - 324. What is b(-2)?
-18
Let f(x) = -x**3 + 35*x**2 + 27*x + 399. Determine f(36).
75
Let f(j) = j**3 - 10*j**2 + 58*j - 498. Give f(8).
-162
Let i(z) = 167*z - 9021. Determine i(54).
-3
Let h(n) = -26*n**2 - 50*n + 9. Calculate h(-5).
-391
Let m(p) = -p**3 + 54*p - 41. What is m(9)?
-284
Let v(y) = -y**2 + 14*y + 54. What is v(-3)?
3
Let g(q) = -q**2 - 42*q - 298. Determine g(-13).
79
Let p(t) = -7457*t - 22346. Give p(-3).
25
Let c(q) = 68*q + 1768. What is c(-26)?
0
Let r(s) = s**2 + 7*s - 193. Calculate r(11).
5
Let w(q) = -209*q + 39. Calculate w(-1).
248
Let z(b) = 35*b**2 + 4*b + 2. What is z(-1)?
33
Let l(w) = w**3 + 115*w**2 - 150*w - 3953. Determine l(-116).
-9
Let b(r) = r**2 + 13*r - 364. Determine b(14).
14
Let d(a) = -5*a**2 + 153*a + 71. What is d(23)?
945
Let a(b) = 10*b - 558. Give a(74).
182
Let n(v) = -2*v**2 + 63*v + 267. Give n(39).
-318
Let g(l) = 20*l + 194. What is g(-8)?
34
Let a(y) = 29*y**2 - 6*y + 2. Determine a(0).
2
Let a(g) = g**3 - 7*g**2 - 19*g + 37. What is a(7)?
-96
Let v(l) = l**2 + 22*l + 102. Calculate v(-19).
45
Let q(r) = -41*r - 3247. Give q(-79).
-8
Let p(g) = 6*g**3 + 68*g**2 + 19*g + 1. Determine p(-11).
34
Let o(s) = -46*s - 291. Calculate o(-4).
-107
Let b(v) = v**2 + 3*v - 7. Give b(0).
-7
Let k(b) = 24*b**2 + 4*b - 8. What is k(1)?
20
Let n(r) = r**3 - 7*r**2 - 9*r + 12. Give n(6).
-78
Let h(s) = -s**2 + 61*s - 711. What is h(15)?
-21
Let f(u) = -27*u**2 - 163*u - 17. Calculate f(-6).
-11
Let v(r) = -6*r**2 - 53*r - 6. Calculate v(-9).
-15
Let p(h) = 2*h**3 - 15*h**2 - 397*h + 352. Calculate p(18).
10
Let v(k) = 27*k - 912. Give v(39).
141
Let t(x) = -2*x + 106. What is t(9)?
88
Let o(m) = -965*m - 38597. Determine o(-40).
3
Let a(p) = 54*p + 2540. Determine a(-47).
2
Let z(y) = -2*y**3 - 284*y**2 + 623*y + 6769. Calculate z(-144).
1
Let c(t) = 37*t + 2620. Determine c(-71).
-7
Let t(c) = -1138*c + 60311. What is t(53)?
-3
Let j(o) = -2*o**3 - 30*o**2 + 8*o + 110. What is j(-15)?
-10
Let d(b) = -b**3 - 5*b**2 + b - 42. Determine d(-6).
-12
Let b(g) = -29*g - 678. What is b(-24)?
18
Let x(b) = -96*b + 727. Determine x(7).
55
Let y(z) = -z**3 - 7*z**2 - 476*z - 2897. Determine y(-6).
-77
Let n(f) = 359*f + 3253. Calculate n(-9).
22
Let t(l) = -2*l**3 + 33*l**2 - 81*l + 34. Calculate t(2).
-12
Let w(r) = -3*r**3 - 2*r**2 - r + 4. Give w(1).
-2
Let h(q) = -q**3 + 13*q**2 + 34*q - 17. Give h(15).
43
Let t(q) = 102*q - 307. Give t(3).
-1
Let i(c) = 53*c - 358. What is i(4)?
-146
Let g(u) = -49*u**2 + 27*u + 24. Determine g(-1).
-52
Let c(t) = -42*t + 105. What is c(4)?
-63
Let h(u) = -41*u**3 - 205*u**2 + 15*u + 76. Calculate h(-5).
1
Let r(n) = -13*n**2 + 81*n - 9. Determine r(7).
-79
Let g(r) = -r**2 + 23*r + 309. Give g(27).
201
Let t(d) = -145*d**2 + 9570*d + 4. Determine t(66).
4
Let o(p) = 2*p**3 + 28*p**2 + 33*p + 28. Give o(-13).
-63
Let v(d) = -9*d - 497. Determine v(-10).
-407
Let b(q) = 2*q**3 + 80*q**2 - 81*q - 97. What is b(-41)?
-138
Let z(d) = d**2 + 23*d - 411. What is z(-35)?
9
Let d(w) = w**3 + 4*w**2 + 62*w + 208. Determine d(-4).
-40
Let o(w) = -325*w - 4965. What is o(-15)?
-90
Let a(m) = 79*m + 2866. Give a(-36).
22
Let q(b) = 5*b + 490. Calculate q(-20).
390
Let h(l) = l**3 - 22*l**2 + 60*l + 41. Calculate h(19).
98
Let y(m) = m**2 + 51*m + 188. Calculate y(-4).
0
Let r(l) = -7*l + 67. Determine r(-8).
123
Let v(f) = f**3 + 13*f**2 + 10*f + 12. Give v(-13).
-118
Let m(q) = 30*q**3 - 114*q**2 - 101*q + 12. Give m(-1).
-31
Let i(v) = 3*v**3 + 56*v**2 + 34*v - 67. Give i(-18).
-31
Let g(q) = 14*q**3 + 69*q**2 - 81*q + 12. Calculate g(1).
14
Let f(v) = 63*v + 9. Give f(-4).
-243
Let d(q) = -5*q**2 + 51*q - 86. Determine d(10).
-76
Let s(k) = 2*k**3 - 26*k**2 + 83*k - 245. Give s(10).
-15
Let m(c) = 3*c**2 + 332*c + 2795. Calculate m(-9).
50
Let v(t) = t**2 + 15*t - 4. Calculate v(-16).
12
Let r(p) = p**2 + 841*p - 2558. Determine r(3).
-26
Let z(j) = 124*j - 807. Calculate z(11).
557
Let j(g) = -3*g**3 + 43*g**2 - 11*g. Calculate j(14).
42
Let q(h) = -h**3 - 12*h**2 - 76*h - 725. Give q(-11).
-10
Let f(d) = -327*d - 30098. Give f(-92).
-14
Let p(s) = -4*s + 222. Give p(50).
22
Let g(h) = -16*h**3 - 44*h**2 + 2*h - 6. Determine g(-4).
306
Let u(h) = 2501*h - 50024. Give u(20).
-4
Let z(t) = t**2 + 16*t - 216. Determine z(-25).
9
Let a(g) = -14*g**2 + 4*g + 9. Determine a(-5).
-361
Let q(v) = -14*v**3 + 390*v**2 + 57*v - 69. Give q(28).
-41
Let n(w) = -2*w**3 - 107*w**2 + 54*w - 19. Give n(-54).
-19
Let m(f) = 4*f**2 + 50*f - 285. Calculate m(-17).
21
Let x(l) = l**2 + 29*l - 527. Determine x(-46).
255
Let j(u) = -18*u**2 + 107*u + 102. What is j(6)?
96
Let l(r) = r**3 - 49*r**2 - 62*r - 2058. Determine l(51).
-18
Let f(z) = -145*z - 17967. Determine f(-124).
13
Let u(f) = -152*f - 8968. Determine u(-59).
0
Let f(q) = -7*q**2 - 389*q - 52. What is f(-54)?
542
Let m(c) = c**2 - 31*c - 93. What is m(36)?
87
Let n(t) = 2*t**2 - 9*t - 23. What is n(5)?
-18
Let z(u) = 8*u**2 - 130*u - 25. Give z(16).
-57
Let x(h) = -28*h**3 - 7*h**2 + 6*h + 1. Calculate x(1).
-28
Let a(d) = 239*d + 927. What is a(-4)?
-29
Let t(y) = -28*y**2 - 119*y + 2. Give t(-4).
30
Let j(v) = v**2 + 5*v + 13. Give j(5).
63
Let n(s) = -s**2 - 149*s - 1765. Calculate n(-136).
3
Let a(z) = -2*z**3 - 66*z**2 - 498*z + 47. Calculate a(-12).
-25
Let y(b) = 68*b - 472. Give y(8).
72
Let g(w) = w**3 - 12*w**2 + 30*w + 34. Determine g(6).
-2
Let n(d) = d**3 - 6*d**2 + 17*d - 51. Calculate n(5).
9
Let f(b) = b**3 + 461*b**2 + 10062*b - 5263. Calculate f(-438).
-7
Let a(u) = u**3 - 33*u**2 + 156*u - 85. Give a(28).
363
Let n(l) = l**3 + 163*l**2 + 479*l + 143. What is n(-160)?
303
Let q(p) = -4*p**2 - 80*p + 114. Give q(-21).
30
Let n(a) = 144*a - 2145. Calculate n(14).
-129
Let g(d) = -d**3 - 52*d**2 - 148*d - 90. Determine g(-49).
-41
Let j(t) = 3*t**3 + 6*t**2 - 43*t + 7. Determine j(-5).
-3
Let r(s) = -s**2 - 5*s + 7. Calculate r(-5).
7
Let u(y) = y**2 + 19*y - 203. What is u(8)?
13
Let o(m) = m**3 + 48*m**2 + 211*m + 3422. What is o(-45)?
2
Let j(p) = -97*p + 91. Determine j(1).
-6
Let o(d) = -56*d - 179. Calculate o(-14).
605
Let h(a) = a**2 + 43*a + 453. Give h(-20).
-7
Let k(v) = 14*v - 789. What is k(58)?
23
Let p(j) = 2*j**3 + 24*j**2 + 39*j + 3. Give p(-10).
13
Let c(j) = -j**3 + 37*j**2 - 66*j + 6. Determine c(0).
6
Let x(k) = 74*k - 172. Determine x(-4).
-468
Let f(c) = 63*c - 5363. Calculate f(85).
-8
Let g(v) = 31*v - 142. Give g(5).
13
Let t(g) = -346*g + 2775. Calculate t(8).
7
Let a(i) = 13*i + 110. Calculate a(-11).
-33
Let n(f) = f**3 - 10*f**2 + 20*f + 8. Give n(7).
1
Let k(b) = 88*b - 255. Give k(9).
537
Let g(u) = -u**3 - 25*u**2 + 16*u + 1796. What is g(-22)?
-8
Let f(s) = 6*s**2 - 69*s - 27. Give f(12).
9
Let y(r) = 4*r**3 + 107*r**2 - 142*r - 45. Give y(-28).
11
Let t(h) = h**2 + 25*h - 75. Give t(-25).
-75
Let w(o) = 4*o**2 - 240*o + 231. Give w(1).
-5
Let a(m) = -m**2 - 53*m - 122. What is a(-28)?
578
Let p(m) = -734*m - 223147. What is p(-304)?
-11
Let k(b) = b**2 - 123*b + 2586. Calculate k(96).
-6
Let i(h) = -654*h - 138. Determine i(0).
-138
Let j(i) = -58*i - 1211. Determine j(-21).
7
Let q(m) = -m**3 + 7*m**2 + 5*m + 59. Calculate q(8).
35
Let j(d) = d**3 + 15*d**2 + d + 24. What is j(-15)?
9
Let c(h) = h**2 - 30*h - 160. Determine c(34).
-24
Let f(r) = -487*r - 491. Determine f(-1).
-4
Let b(a) = 4*a**3 - 43*a**2 - a - 103. What is b(11)?
7
Let b(o) = -39*o